51. Give l(12).
-103
Let z(c) = 18*c**3 + 55*c**2 + 308*c + 14. What is z(-6)?
-3742
Let b(z) = -1542*z + 26544. Determine b(17).
330
Let i(d) = -5*d**3 - 56*d**2 - 99*d - 667. Calculate i(-12).
1097
Let g(u) = 299616*u - 3595384. Calculate g(12).
8
Let t(h) = -h**2 + 167*h + 1732. Give t(176).
148
Let v(c) = -42*c**3 - 265*c**2 - 74*c + 33. Calculate v(-6).
9
Let v(n) = 128*n + 151. Calculate v(5).
791
Let j(a) = 3*a**3 - 37*a**2 + 517*a - 2972. Give j(7).
-137
Let s(u) = 2*u**2 - 1401*u - 11291. Calculate s(-8).
45
Let t(d) = 39553*d - 118735. Give t(3).
-76
Let v(a) = -371*a - 45900. Calculate v(-124).
104
Let t(r) = 12*r + 2789. Determine t(-19).
2561
Let c(j) = 52*j**3 - 343*j**2 + 172*j - 1. Determine c(6).
-85
Let o(z) = 2*z**2 - 357*z + 13307. Give o(53).
4
Let y(q) = q**3 + 7*q**2 + 3991*q + 23908. Calculate y(-6).
-2
Let z(f) = -161864*f - 5179660. Determine z(-32).
-12
Let p(a) = -16*a**3 - 193*a**2 - 136*a - 1420. Calculate p(-12).
68
Let d(s) = -3596*s + 3835. Calculate d(1).
239
Let l(x) = -80*x**3 + 633*x**2 + 57*x + 6. Calculate l(8).
14
Let o(s) = s**2 + 494*s + 32122. Calculate o(-77).
13
Let n(c) = 4329*c + 8670. Calculate n(-2).
12
Let a(d) = -91*d**3 + d**2 + 136*d + 270. What is a(-2)?
730
Let a(y) = -80*y**2 - 133*y - 717. What is a(-5)?
-2052
Let w(x) = 9*x**3 + 2576*x**2 + 587*x + 4294. Calculate w(-286).
4
Let z(d) = -d**3 - 23*d**2 + 13*d + 536. Determine z(-11).
-1059
Let z(m) = 3*m**3 - 27*m**2 + 11*m + 53. Give z(-4).
-615
Let o(v) = 2*v**3 + 105*v**2 - 195*v - 2895. What is o(-54)?
-1113
Let v(g) = -619*g - 98429. Determine v(-159).
-8
Let v(b) = 50965*b + 611511. What is v(-12)?
-69
Let w(a) = -4*a**3 - 82*a**2 + 31*a + 15. Calculate w(-23).
4592
Let k(f) = -421705*f - 843382. Calculate k(-2).
28
Let o(t) = -474*t - 63735. Give o(-134).
-219
Let l(g) = g**2 + 237*g - 11326. Determine l(-278).
72
Let m(r) = -2*r**3 - 1179*r**2 + 2290*r + 146. Give m(2).
-6
Let b(u) = -58*u**2 - 378*u - 92. What is b(-6)?
88
Let t(s) = 4*s**3 + 3308*s**2 + 19840*s - 36. Determine t(-6).
-852
Let u(t) = -11087*t - 365880. What is u(-33)?
-9
Let f(u) = -u**3 + 70*u**2 + 436*u - 46111. Determine f(66).
89
Let q(y) = -2*y**3 + 30*y**2 + 532*y - 159. What is q(-10)?
-479
Let o(x) = x**3 + 19*x**2 + 2050*x + 19613. Give o(-10).
13
Let z(y) = 3451*y - 13836. Give z(4).
-32
Let b(r) = 9*r**3 + 4*r**2 - 795*r - 1609. Calculate b(-2).
-75
Let w(s) = -257*s - 1854. Calculate w(-11).
973
Let h(w) = 83521*w + 1419859. What is h(-17)?
2
Let a(y) = 5078*y - 377440. Calculate a(74).
-1668
Let f(u) = 7*u**2 - 94*u - 97. Give f(-1).
4
Let b(s) = -5*s**3 - 609*s**2 + 134*s + 1464. Give b(-122).
0
Let y(u) = -25649*u - 42. Give y(0).
-42
Let w(k) = 197*k - 29944. What is w(152)?
0
Let p(m) = 150*m**2 + 29253*m + 521. Determine p(-195).
-64
Let r(d) = 70*d**2 - 636*d + 2561. Give r(4).
1137
Let f(g) = -2*g**3 + 29*g**2 + 202*g - 2252. Determine f(13).
881
Let j(m) = 122*m + 4885. Give j(-40).
5
Let r(n) = n**3 - 195*n**2 - 250*n + 7454. Calculate r(196).
-3130
Let a(b) = 5077*b - 50687. Give a(10).
83
Let l(n) = 11*n**2 + 894*n + 5096. Determine l(-75).
-79
Let m(q) = 3*q**2 + 34*q - 114. Give m(5).
131
Let k(q) = -4*q**3 + 26*q**2 - 3*q + 7. What is k(4)?
155
Let l(m) = 66*m - 8713. Determine l(138).
395
Let h(r) = r**2 - 63*r - 7516. Determine h(126).
422
Let f(z) = -29*z**3 + 32*z**2 - 110*z - 14. Give f(4).
-1798
Let x(m) = -399*m + 21822. Determine x(55).
-123
Let q(k) = -119555*k + 6336428. What is q(53)?
13
Let c(w) = 6*w**2 + 1205*w + 36240. Give c(-164).
-4
Let b(j) = 90*j**2 + 5910*j + 95696. What is b(-29)?
-4
Let p(a) = a**3 - 15*a**2 - 32*a + 2. Determine p(-7).
-852
Let d(v) = 27*v + 1234. Give d(-47).
-35
Let u(o) = -12098*o + 48353. Calculate u(4).
-39
Let k(s) = 1117*s + 2281. Determine k(-7).
-5538
Let n(p) = p**3 - 121*p**2 - 20793*p + 3762. Determine n(-96).
18
Let z(v) = -v**2 + 1060*v - 2479. Give z(0).
-2479
Let h(n) = -n**3 + 283*n**2 - 4787*n + 4498. Give h(265).
-7
Let o(v) = 31*v**2 - 295*v + 516. Give o(7).
-30
Let g(k) = 6441*k + 167328. Calculate g(-26).
-138
Let w(q) = -4*q**3 + 116*q**2 - 79*q - 750. Determine w(28).
174
Let j(o) = o**2 - 3194*o - 946500. Determine j(-273).
-9
Let f(r) = -15816*r + 94636. Give f(6).
-260
Let p(n) = 2*n**3 + 292*n**2 - 909*n - 1986. Calculate p(-149).
249
Let s(u) = -5*u**3 + 61*u**2 - 325*u + 1. What is s(6)?
-833
Let b(o) = 4*o**2 - 206*o + 116. Determine b(0).
116
Let t(i) = 84*i**2 + 3442*i + 22109. Give t(-33).
-1
Let p(g) = 895*g + 7697. Give p(-8).
537
Let c(n) = -11019*n - 264441. What is c(-24)?
15
Let n(a) = -a**3 - 143*a**2 + 104*a + 54434. Give n(-141).
8
Let l(h) = -10308*h**2 - 278317*h - 40. Determine l(-27).
-13
Let t(n) = -170*n**2 + 34509*n + 316. Determine t(203).
113
Let q(r) = 7*r**3 - 101*r**2 + 16*r + 368. What is q(14)?
4
Let q(v) = 4*v**2 - 612*v - 1867. Give q(156).
5
Let f(c) = 31*c**3 - 7*c**2 - 54*c - 128. Calculate f(-3).
-866
Let w(i) = 9202*i - 303675. What is w(33)?
-9
Let l(q) = -q**2 - 5614*q + 152312. Determine l(27).
5
Let r(w) = 48395*w - 290376. What is r(6)?
-6
Let b(p) = -78*p**2 + 870*p - 2259. Calculate b(7).
9
Let r(z) = -z**2 - 2545*z - 1501270. Give r(-929).
-6
Let n(a) = 3*a**2 + 493*a + 4007. What is n(-8)?
255
Let u(l) = -5*l**3 + 29*l**2 + 74*l - 420. What is u(7)?
-196
Let w(i) = 199*i**3 - 49354*i**2 + 490*i + 1489. Calculate w(248).
1
Let k(h) = h**3 + 46*h**2 - 245*h + 21. Give k(5).
71
Let b(u) = -13*u**3 - 1938*u**2 - 147*u + 651. Calculate b(-149).
353
Let g(q) = q**3 + 391*q**2 - 6518*q - 2452. What is g(-407)?
-10
Let z(r) = -130*r - 4231. Give z(-40).
969
Let m(a) = -26729*a + 23. Calculate m(0).
23
Let l(z) = 767*z + 5854. Calculate l(-9).
-1049
Let h(k) = 5*k**2 - 309*k - 2225. Determine h(-7).
183
Let j(z) = -439*z**3 + 5*z**2 + 60*z - 62. What is j(1)?
-436
Let w(k) = -16*k**2 + 1149*k + 3788. Give w(75).
-37
Let q(v) = 80606*v - 5400646. Give q(67).
-44
Let i(n) = 167*n**2 - 713*n - 6. Determine i(5).
604
Let c(x) = 26*x**3 + 389*x**2 + x + 247. Give c(-15).
7
Let s(a) = a**3 + 58*a**2 + 193*a - 3419. Give s(-53).
397
Let t(s) = 13621*s - 40804. What is t(3)?
59
Let p(a) = a**3 - 34*a**2 - 506*a - 150. Determine p(-11).
-29
Let z(v) = 4*v**3 + 272*v**2 + 5*v + 396. Calculate z(-68).
56
Let p(a) = -71*a**2 + 377*a - 46. Calculate p(4).
326
Let d(w) = 4560*w + 31943. Determine d(-7).
23
Let t(q) = -26*q**2 + 1822*q - 176. Determine t(70).
-36
Let n(u) = -u**2 - 3650*u - 2847602. Determine n(-1130).
-2
Let m(y) = 11*y**3 - 765*y**2 - 374*y + 1658. What is m(70)?
-22
Let n(o) = -15*o**2 - 664*o + 2505. Give n(4).
-391
Let z(i) = 6131*i - 318807. Give z(52).
5
Let b(j) = -2*j**2 - 133*j + 13. What is b(-5)?
628
Let r(b) = -10*b**2 - 1363*b + 133473. Calculate r(66).
-45
Let k(w) = 2*w**2 - 2890*w + 1582. Give k(0).
1582
Let q(p) = 64*p + 6258. Give q(-79).
1202
Let d(q) = -5974*q**2 + 1314283*q - 651. Determine d(220).
9
Let c(d) = -495*d + 5004. What is c(10)?
54
Let x(i) = -2*i**2 - 13258*i - 105975. What is x(-8)?
-39
Let o(q) = 2*q**3 - 594*q**2 - 622*q + 7750. What is o(298)?
2
Let d(x) = -2*x**2 - 1172*x + 10718. What is d(9)?
8
Let p(j) = 121*j**3 - 1576*j**2 - 28*j - 70. Calculate p(13).
-941
Let t(v) = 167*v + 87797. Determine t(-526).
-45
Let u(m) = m**2 - 5664*m + 174637. What is u(31)?
14
Let l(j) = -2683*j - 18699. Give l(-7).
82
Let x(h) = 8*h**3 + 2511*h**2 - 304*h + 3144. Determine x(-314).
4
Let p(u) = 2995*u**2 + 23944*u - 120. Determine p(-8).
8
Let z(l) = -1402*l - 10111. Give z(-7).
-297
Let m(z) = -z**3 + 27*z**2 + 264*z - 6174. Determine m(29).
-200
Let a(r) = r**2 - 219186*r + 17528478. Give a(80).
-2
Let l(f) = f**3 + 5*f**2 - 260*f - 972. Determine l(-4).
84
Let w(p) = -p**3 + 78*p**2 + 418*p - 279. What is w(83)?
-30
Let o(i) = -5*i**3 - 192*i**2 - 67*i + 455. What is o(-38)?
113
Let n(z) = -5*z**2 + 5750*z + 40482. Determine n(1157).
-13
Let f(q) = -q**2 + 16252*q + 32507. Determine f(-2).
-1
Let i(h) = 1282*h**2 - 1247*h - 55. What is i(1)?
-20
Let a(y) = 4*y**2 + 27*y + 11. Determine a(-4).
-33
Let a(v) = v**3 + 100*v**2 - 4228*v - 715. What is a(-132)?
-187
Let n(f) = 2*f**3 + 100*f**2 - 313*f - 3. Give n(-53).
-268
Let b(g) = -502*g - 11385. Calculate b(-21).
-843
Let z(x) = 17*x**3 + 8*x**2 